 and 55?
55
Let h be (-333)/63 + 4/14. Let n(j) = -11*j**2 - 11*j - 1. Let v be n(h). Let o = 331 + v. Calculate the greatest common divisor of o and 10.
10
Let s be 74 + 3/3 + 2. Let y be 9/(-18)*-67*2. Suppose y = 5*t + 5*z - 2*z, -41 = -3*t - 2*z. What is the greatest common divisor of s and t?
11
Let a(s) = -6*s**2 - 22*s + 1. Let c be a(5). Let i = c - -463. What is the greatest common divisor of 24 and i?
12
Let d(g) = 8*g**2 + 112*g + 373. Let a be d(-10). What is the greatest common factor of 2173 and a?
53
Suppose 4*i = 3*v - i + 4, -2*i = 2. Let h be (2/2)/(v + (-174)/(-57)). Let g be (-16)/6*1*-57. Calculate the highest common divisor of h and g.
19
Let d(s) = 62*s**2 - 481*s + 12. Let h be d(8). Calculate the greatest common divisor of h and 10912.
44
Let o(u) = -u**3 + 5*u**2 + 5*u - 13. Let f be o(5). Let s be 25/(175/112) - -1052. Calculate the greatest common divisor of s and f.
12
Suppose -17*x - 8*x - 22*x + 89958 = 0. Calculate the highest common factor of x and 132.
66
Suppose 373*i + 3 = 372*i, 4*w - 129 = 3*i. Calculate the highest common divisor of 3435 and w.
15
Let z(j) = -j**3 + 9*j**2 - 4*j - 8. Let b be z(6). Let o = 180 + -87. Let s = 112 - o. What is the highest common factor of b and s?
19
Suppose 3*v - 3*a - 972 = 0, 3*v + 5*a + 964 = 6*v. Let y = v - 200. What is the greatest common factor of 160 and y?
32
Let k(a) = 24*a**2 - 239*a + 23. Let y be k(10). Let c(m) = m**2 + 4*m + 1. Let x be c(-7). What is the highest common factor of x and y?
11
Suppose y + 2*h + 14 = 4, 20 = 4*y - 4*h. Suppose 3*n - 5*r - 975 = 0, -2*n + 6*r - r + 655 = y. Calculate the highest common divisor of n and 10.
10
Suppose 3*k - 218 = -4*l, 2*l = 5*l - 0 - 6. Suppose 0 = -r + 152 + 408. What is the greatest common factor of r and k?
70
Suppose -2*v = 3*v - 400. Suppose -3*b - 2*b - 260 = 0. Let l = b + 62. What is the highest common factor of l and v?
10
Let s(z) be the second derivative of z**3/6 - z**2/2 + 7*z. Let t be s(8). Let a be -5*((3 - 82/5) + -2). Calculate the highest common factor of t and a.
7
Suppose 2*t + 5*i = i + 22, -7 = -t - i. Suppose -152 = -t*l + l. Calculate the greatest common divisor of l and 171.
19
Suppose 282*l - 53*l - 687 = 0. What is the highest common divisor of 99 and l?
3
Suppose -5*g = 3*z - 69, 8*g - 6*g - 96 = -5*z. Calculate the highest common divisor of 3474 and z.
18
Let v be (-240)/(-65) + 8/26. Calculate the highest common factor of v and 2308.
4
Let f(c) = c**2 - 9*c - 5. Let h(w) = 2*w**2 + 2. Let t be h(-2). Let p be f(t). Let y = 56 - p. Calculate the highest common factor of 34 and y.
17
Let g = 27 - -9. Suppose -s + 39 + g = 0. Suppose -4*n - v = -65, 3*n = 4*n - 5*v + 10. Calculate the greatest common factor of s and n.
15
Let a = -3 + 3. Suppose -3*j + 1186 + 845 = a. Suppose 6*x = j + 103. What is the greatest common factor of x and 26?
26
Let u be 6/39 + (-122247)/(-117). What is the highest common divisor of 110 and u?
55
Let b be 7 + (-7)/((-35)/(-15)). Suppose -10*z + 30 = -b*z. What is the greatest common factor of 15 and z?
5
Let b = 3136 + -1249. Calculate the highest common factor of 102 and b.
51
Let z be 72/168 - 3*5794/(-14). Suppose 10*n - 33*n = -z. What is the greatest common factor of 270 and n?
54
Suppose -4*s = -8, -2*c - 1 + 11 = 2*s. Suppose 352 = d + c*d. Let t be ((-30)/(-25))/(3/20). What is the greatest common factor of t and d?
8
Let y = 410 - 333. Suppose -y*h = -85*h + 1800. Calculate the highest common divisor of 30 and h.
15
Let o = 6208 - 5207. What is the highest common divisor of 693 and o?
77
Suppose -1543 - 2388 = -2*v - 1111. Calculate the greatest common divisor of v and 210.
30
Let s(x) = 3*x**2 - 35. Let u be s(-9). Suppose -5720 = v - 89*v. Calculate the greatest common factor of v and u.
13
Let k = 23 - -10. Let t = 221 + -199. Suppose -t*o + 15*o = -2079. Calculate the greatest common factor of o and k.
33
Let h = -541 + 304. Let a = -216 - h. Calculate the greatest common factor of 63 and a.
21
Let o be -21*((-32)/12)/4. Let l(d) = -d**3 - 25*d**2 + 46*d - 13. Let n be l(-27). What is the highest common divisor of n and o?
7
Let i = 501 - 596. Let z = i - -130. Calculate the greatest common divisor of 805 and z.
35
Suppose -7436*x + 7410*x + 650 = 0. Calculate the greatest common divisor of 395 and x.
5
Suppose -72*y = -42*y - 30. What is the highest common factor of y and 529?
1
Let c be -10*((-2)/5 + (-874)/95). Let a be (-7)/((-4)/c*4). Calculate the highest common divisor of 98 and a.
14
Suppose -443 + 113 = 30*l. Let v(a) = a**2 + 16*a + 122. Let j be v(l). Calculate the greatest common factor of j and 67.
67
Let v(t) = -t**3 - 6*t**2 + 11*t + 68. Let i be v(-3). Calculate the greatest common factor of 9464 and i.
8
Suppose -2*m + 2*l + 218 = 0, -154*l - 4 = -152*l. Calculate the highest common factor of 2675 and m.
107
Let o = 122 - 35. Let i = o - 81. Calculate the greatest common divisor of i and 21.
3
Suppose 53*p + 4792 = 56*p - 2*t, -2*t = -2. Calculate the highest common factor of p and 34.
34
Let f be 12/(2*(-15)/(-500)). Let m = f - 72. Suppose g - 64 = -j, 2*j + 3*g - m = -0*g. What is the greatest common factor of 96 and j?
32
Let r(j) = 73*j + 455. Let k be r(-5). Calculate the highest common factor of k and 1290.
30
Let m(x) = 4*x**2 - 84*x - 163. Let g be m(23). What is the greatest common divisor of 168 and g?
21
Suppose 0*d = -v - 5*d + 26, 4*d - 136 = -4*v. Let s = 4508 - 4460. What is the highest common factor of v and s?
12
Suppose -z + 73 = 5*l, -3*z + 153 = -2*l - 15. Let v(c) = -7*c - 25. Let h be v(-8). Let n = z - h. Calculate the greatest common divisor of n and 3.
3
Let v(l) = -4*l**2 - 1. Let x be v(-1). Let s be -8*(45/6)/x. Let a = -1495 + 1579. What is the highest common divisor of s and a?
12
Let g be 6/9*((-3)/2 + 3). Suppose j - 15 = -g. What is the greatest common factor of 35 and j?
7
Suppose -4*l + 227 = -469. Suppose -4*j + 3*d - 2*d = -l, 5*j - 2*d = 216. Suppose 0 = -6*k + 2*k + j. What is the greatest common factor of 11 and k?
11
Let v(m) = -3*m**3 - 40*m**2 + 9*m - 21. Let s(o) = 2*o - 29. Let z be s(7). Let y be v(z). What is the greatest common factor of y and 51?
51
Let g = -1753 - -6828. Calculate the highest common divisor of g and 35.
35
Let c(k) = k**2 - 74*k + 1515. Let p be c(35). What is the highest common divisor of 20 and p?
10
Suppose 2017 = 17*m - 1585 + 151. What is the greatest common factor of m and 7?
7
Let l = 2217 + -1821. Calculate the highest common divisor of 108 and l.
36
Let j = 359 - 384. Let c be (2440/j)/(12/(-30)). Calculate the highest common divisor of 61 and c.
61
Let n be 15/10*(-1)/((-6)/32). Suppose -273 - 166 = -5*t - j, 90 = t - 2*j. Calculate the greatest common divisor of t and n.
8
Let j(q) = -4*q**2 + 4*q**3 - 4*q + 1 + 9*q - 6*q. Let v be j(-1). Let i(y) = -27*y - 18. Let g be i(v). Calculate the greatest common divisor of g and 18.
18
Suppose -976 = -18*i - 58. Calculate the highest common divisor of i and 5.
1
Let x(i) = 64*i**2 + 197*i - 2529. Let d be x(13). Calculate the highest common factor of d and 192.
96
Let b = 341 + -320. Let j(y) = 7*y + 238. Let i be j(-22). What is the greatest common divisor of i and b?
21
Suppose 4137 = 6*l + 193*l + 953. Suppose 0 = r - 47 - 169. What is the greatest common divisor of l and r?
8
Let n(o) = 2*o - 7. Suppose 0 = 3*p - 15. Let k be n(p). Let t = -64320 + 64359. Calculate the greatest common factor of t and k.
3
Let t = -99 + 242. Suppose -t = -4*s + 33. Let c = 1025 - 959. What is the greatest common divisor of s and c?
22
Let u(p) = -757*p - 1539. Let l be u(-3). Calculate the highest common factor of 4148 and l.
244
Suppose -3*v - 15*s + 130 = -10*s, 0 = -2*v + 5*s + 70. What is the greatest common divisor of 120 and v?
40
Suppose 230388 - 615556 = -181*o. What is the highest common factor of 665 and o?
133
Let y be (1/9 - (-45480)/135)*1. Let b = -220 + y. What is the highest common divisor of 13 and b?
13
Let u = 34 - 22. Suppose -y - 5*p + 136 = 0, -4*y + 336 = p - 7*p. What is the greatest common factor of u and y?
12
Let y be (-100)/(-2) + (-181 - -191). Let c be 3 + -4 + 1*86. Let k = -40 + c. Calculate the highest common factor of k and y.
15
Let c = 51 - 47. Suppose 3*i = c*d + 12, -4*i - 8*d 